Suppose -2*b = -u*b - 64. Suppose 3*l = 3*s + b - 2, 0 = -4*l - 5*s - 5. List the prime factors of l.
5
Suppose 0*t + 6 = 2*t. What are the prime factors of t?
3
What are the prime factors of (-13)/(-3) - 11/33?
2
Let c(w) = -w**2 + 6*w + 8. Let r be c(4). Let y(p) = -p**3 - 5*p**2 - 2*p + 1. Let b be y(-3). Let h = b + r. List the prime factors of h.
5
Let h = -1 - -3. Suppose 2*z - h - 8 = 0. Suppose -z + 2 = v + 3*x, -5*v + 35 = 5*x. List the prime factors of v.
2, 3
Let o(t) = -t - 3. What are the prime factors of o(-5)?
2
Suppose 2*k - 63 = -4*d + 3*d, 2*d = 3*k + 126. What are the prime factors of d?
3, 7
Let h = 2 - 0. Let j = 1 + h. Suppose j*c - 27 = -0*c. List the prime factors of c.
3
Let u(h) = 5*h**2 - 18*h. What are the prime factors of u(7)?
7, 17
Let i = -5 + 4. Let o = i + 3. What are the prime factors of 4/4 - (-24)/o?
13
Suppose 0 = 3*h + h. Let u = 3 - h. What are the prime factors of u?
3
Let k(z) = z + 1. Let m be k(-3). Let n = m + 2. Suppose -2*a + 3*a + 2*j + 2 = n, -4*a - 4*j = 0. What are the prime factors of a?
2
Suppose -q = -151 - 10. What are the prime factors of q?
7, 23
Suppose -4 - 14 = -2*q - 3*z, 4*q - 68 = 2*z. List the prime factors of q.
3, 5
Suppose z - 5*z = -8. Suppose 48 = -0*m + z*m. List the prime factors of m.
2, 3
Suppose y + 252 = 5*d, -3*d - 5*y + 270 = 2*d. Suppose -5*z = -d + 1. What are the prime factors of z?
2, 5
Let b(m) = 8*m + 0 + 0 + 1. What are the prime factors of b(3)?
5
Let f be 2/9 + 16/9. Suppose 0 = i + 4 + f. Let m = i - -17. What are the prime factors of m?
11
Suppose 3*j + 2 = 11. Let x(s) = 2*s**3 - 3*s**2 - 3*s - 1. List the prime factors of x(j).
17
Suppose a - 5*f = -13, 4*a - 4*f + 73 = 5. Let s = a + 25. List the prime factors of s.
7
Suppose 14 + 16 = 5*k. Suppose -k*y - 15 = -y. Let p = 2 - y. What are the prime factors of p?
5
Let f be 114/22 - (-6)/(-33). Suppose -7 = -5*m + 3*x, -4*m = m - 5*x - 5. Suppose -f*a + 54 = -a - 3*h, 2*a = m*h + 26. What are the prime factors of a?
3, 5
List the prime factors of (-240)/(-15) + (-1 - -1).
2
Suppose -2*u = 3 - 11. Suppose -b = -u*j + 2*b + 19, 2*j - 3*b = 17. Let x = 2 + j. What are the prime factors of x?
3
Suppose 0 = -3*c - 4 - 5. Let v = c + 21. What are the prime factors of v?
2, 3
Let j(m) = -7*m - 62. What are the prime factors of j(-13)?
29
Let b(j) = -j**3 + j**2 + 6*j + 4. List the prime factors of b(-2).
2
Let f(x) = x + 1 + 0*x - 10*x**2 - 11*x**2 - x**2. Let y be f(-1). Let h = y - -38. List the prime factors of h.
2
Let b(y) = -3*y + 10. Let o be b(-7). Suppose 0 = 4*t + 3*z - 4, z = 2*t + 6*z + 12. Suppose 3*m - 3 + t = -h, -3*m + o = 5*h. What are the prime factors of h?
2
Let u be (-5)/(-1*(2 + -1)). Suppose -4*r = -k + 46, -2*k + u*r + 0 + 86 = 0. What are the prime factors of k?
2, 19
Let w = -178 + 118. What are the prime factors of -3*(w/9 + -1)?
23
Let m be (-122)/5 + (-8)/(-20). Let d = -14 - m. What are the prime factors of d?
2, 5
Let t = 92 + -61. What are the prime factors of t?
31
Let r be (-1)/4 - (-15)/12. Suppose 5*q + r = 101. Let j = q + -12. What are the prime factors of j?
2
Let y(u) = u**2 + 4*u - 29. List the prime factors of y(-15).
2, 17
Let w = 6 - 4. Suppose -w*s + 23 = -j, -3*j - 29 = -4*s + 8*s. List the prime factors of ((-18)/j)/(4/10).
3
Let n = 6 + -3. Let s(h) be the third derivative of h**6/120 - h**5/15 + 5*h**4/24 - h**3/2 - 4*h**2. What are the prime factors of s(n)?
3
Let r = -239 + 450. List the prime factors of r.
211
Suppose 0*y - 16 = -y. What are the prime factors of y?
2
Let y(i) = i + 11. Let f be y(-7). Let r(w) = -5*w + 2 + 2*w - f. List the prime factors of r(-5).
13
Let t be 14/8 - (-4)/16. Suppose -5*k = 15, -t*o + 8 = -5*k - 5. List the prime factors of (-13)/o + 1/1.
2, 7
Let v = 568 + -228. What are the prime factors of v?
2, 5, 17
Let s = 19 - 5. Suppose -13 = -3*h + s. List the prime factors of h.
3
Let k(m) = -5*m + 155. What are the prime factors of k(0)?
5, 31
Suppose -h = -3*n - 2*n + 812, 3*n = -3*h + 498. List the prime factors of n.
163
Suppose 0 = -r + 48 + 16. Suppose -y = 5*l - r, -8 = -2*l + 2*y + 2*y. What are the prime factors of l?
2, 3
Let g(j) be the first derivative of 2*j**3 + j**2/2 + j - 2. Let u be g(-3). Suppose -c = 3*c - m - u, 0 = -4*m. List the prime factors of c.
13
Suppose 3 - 13 = -5*o. Let s = 27 - o. List the prime factors of s.
5
Suppose 21 = -5*h + 3*d, 0*d = 3*d - 6. What are the prime factors of 2/((-150)/51 - h)?
2, 17
Let h be 3 + (-3)/(-12)*0. Suppose h*c = 6 + 129. List the prime factors of c.
3, 5
Suppose -6*j + 2*j + a = 20, 2*a = -8. Let w(s) = 2*s**2 + 9*s + 3. List the prime factors of w(j).
3, 7
Suppose -4*w + 2*q - 42 = 0, -2 = -w - q + 4*q. Let n = w - -27. What are the prime factors of n?
2, 7
Suppose 0 = -5*y - 15 + 5. Let j(z) = 2*z**2 + 3*z + 1. Let u be j(y). Suppose 4*t = -3*l + 3, 34 = 5*l - 0*l - u*t. List the prime factors of l.
5
Let m = -9 + 12. Suppose -2*x = -i + 12, 0 = i - 4*i - m*x + 54. List the prime factors of i.
2
List the prime factors of 44/(-77) - (-246)/14.
17
Let t = 1 + 16. What are the prime factors of t?
17
What are the prime factors of ((-104)/10)/((-52)/(-60) + -1)?
2, 3, 13
Let x(h) = -h**3 - 3*h**2 - 2*h - 1. Let k be x(-3). Suppose -7 = k*f + 8. Let b = f + 8. What are the prime factors of b?
5
Let z(p) = 6*p - p**2 - 1 - 3 + 9. List the prime factors of z(6).
5
Suppose -3*i - 89 - 25 = -5*o, i + 22 = o. Suppose 5*w - 2*x = 34 + 26, -o = -2*w - x. What are the prime factors of w?
2, 3
Let k = 6 - 4. Suppose k*x - 9 = -89. List the prime factors of ((-3)/2)/(6/x).
2, 5
Let q = 25 - 13. What are the prime factors of q?
2, 3
Let m be ((-1)/(-2))/((-1)/46). Let j = -12 - m. List the prime factors of j.
11
Suppose 0*q = 3*q - 3. Let w be (-3*q)/(-3)*3. Suppose -w*o + 4*o - 13 = -5*x, 0 = 4*x - o - 14. What are the prime factors of x?
3
Let a = 48 + -25. List the prime factors of a.
23
Suppose 4*j - 149 = -17. Suppose d = 4*d - j. Suppose -n - d = -2*n. List the prime factors of n.
11
Suppose -5*f - 92 = -232. Suppose -46 - f = -2*v. List the prime factors of v.
37
Let b = -31 + 56. What are the prime factors of b?
5
Let k(j) = 11*j**2 - 2*j + 4. What are the prime factors of k(-5)?
17
Let z(b) be the second derivative of b**4/12 + b**3 + 4*b**2 - 2*b. What are the prime factors of z(-7)?
3, 5
Let g(p) = 11*p**3 - 4*p**2 + p + 1. List the prime factors of g(3).
5, 53
Suppose 0*y = -y - 5, -3*i - 40 = 5*y. Let a be 2/i + (-222)/(-5). Suppose 4*t - a = 4*u, -t = t - u - 23. List the prime factors of t.
2, 3
Let p be -3 + 3 - (-1 + -1). Let w be 29 + 2 - -1*p. Suppose 13 = -2*x + 5*z, 3*z - w = -3*x - 0*z. List the prime factors of x.
2, 3
Suppose 5*w - 6 - 4 = 0. Suppose 5*y + 3*k - 25 = 39, 2*y + w*k - 28 = 0. What are the prime factors of y?
11
Let h be -1 + (3 + -1)*20. Suppose h = 2*u + u. Suppose -3*i - u = -j, -j + 0*i + 16 = -4*i. List the prime factors of j.
2
Let w(l) = -19*l - 5. Let i be w(-4). Suppose i = 4*t - 45. List the prime factors of t.
29
Suppose 225 = -0*x + 5*x. Let u = -32 + x. What are the prime factors of u?
13
Let s be 70 + 5 - 1/(-1). Suppose -3*n - 2*n = -2*r - s, 5*n = -5*r + 55. What are the prime factors of n?
2, 7
Let l(w) = -2*w - 3. Let q be l(-3). Suppose -d - q*u - 9 = 0, -8*u + 3*u = -3*d - 41. List the prime factors of (-15)/2*d/15.
2, 3
Let n(k) = k. Let s be n(2). Suppose 27 - s = w + 2*q, 2*w - 5*q - 5 = 0. What are the prime factors of w?
3, 5
Let r = 50 + -30. Let u = r + 3. What are the prime factors of u?
23
Let q(s) = s + 7. Suppose 3*g = -9 + 45. What are the prime factors of q(g)?
19
Suppose 3 = 3*n + 4*o + 4, 0 = 3*n - o + 11. Let z = n - -1. What are the prime factors of 0/2 - 6/z?
3
Suppose -3*i + 0*i = 33. Suppose -12*h + 8*h = 68. Let u = i - h. What are the prime factors of u?
2, 3
Let o(k) = k**2 - 4*k - 2. Let t be o(5). Suppose -92 = -t*b + c, -c = -5*b - 2*c + 156. What are the prime factors of b?
31
Let o be (-4)/22 + 350/110. Suppose 0 = 2*x - 1 - o. What are the prime factors of x?
2
Let h = -239 - -414. List the prime factors of h.
5, 7
Suppose 0*w + 7 = w. Suppose 2*u - w*u + 80 = 0. List the prime factors of u.
2
Let z = -11 + 64. List the prime factors of z.
53
Suppose -6*b + 4*g - 12 = -4*b, -2 = -g. Let w be (0 - 